9, 5113
List the prime factors of 709679.
709679
List the prime factors of 646381.
29, 31, 719
What are the prime factors of 10161954?
2, 3, 11, 17, 3019
What are the prime factors of 6321441?
3, 7, 43003
List the prime factors of 864103.
864103
List the prime factors of 15153921.
3, 29, 58061
What are the prime factors of 27589482?
2, 3, 19, 80671
List the prime factors of 4417421.
4417421
What are the prime factors of 1375453?
17, 80909
List the prime factors of 236560.
2, 5, 2957
What are the prime factors of 89211?
3, 131, 227
List the prime factors of 523536.
2, 3, 13, 839
What are the prime factors of 240265?
5, 29, 1657
What are the prime factors of 1685442?
2, 3, 11, 25537
What are the prime factors of 4678244?
2, 263, 4447
What are the prime factors of 5428394?
2, 29, 173, 541
List the prime factors of 2357959.
107, 22037
List the prime factors of 8628262.
2, 229, 18839
List the prime factors of 6773409.
3, 250867
List the prime factors of 2187319.
2187319
What are the prime factors of 4995612?
2, 3, 193, 719
What are the prime factors of 215101?
17, 12653
List the prime factors of 107729.
17, 6337
What are the prime factors of 3726928?
2, 109, 2137
What are the prime factors of 2018795?
5, 61, 6619
List the prime factors of 7078033.
7078033
List the prime factors of 661189.
661189
List the prime factors of 699201.
3, 77689
What are the prime factors of 108027?
3, 4001
What are the prime factors of 5334068?
2, 23, 37, 1567
List the prime factors of 227564.
2, 56891
List the prime factors of 3083769.
3, 13, 26357
List the prime factors of 117905.
5, 23581
What are the prime factors of 2362025?
5, 107, 883
What are the prime factors of 328041?
3, 7, 41, 127
What are the prime factors of 418337?
418337
List the prime factors of 2452957.
13, 19, 9931
List the prime factors of 21071671.
971, 21701
What are the prime factors of 395650?
2, 5, 41, 193
List the prime factors of 572855.
5, 114571
What are the prime factors of 566829?
3, 62981
What are the prime factors of 436303?
7, 157, 397
What are the prime factors of 260151?
3, 17, 5101
What are the prime factors of 95228?
2, 7, 19, 179
List the prime factors of 742823.
127, 5849
List the prime factors of 2118708.
2, 3, 229, 257
What are the prime factors of 5153802?
2, 3, 79, 83, 131
What are the prime factors of 712029?
3, 237343
List the prime factors of 3751710.
2, 3, 5, 79, 1583
What are the prime factors of 534290?
2, 5, 23, 101
List the prime factors of 482507.
482507
List the prime factors of 21857708.
2, 401, 13627
List the prime factors of 2592342.
2, 3, 59, 2441
What are the prime factors of 557155?
5, 111431
List the prime factors of 19846070.
2, 5, 19, 67, 1559
List the prime factors of 871953.
3, 23, 12637
What are the prime factors of 22782957?
3, 19, 313, 1277
What are the prime factors of 10951313?
10951313
What are the prime factors of 38443855?
5, 41, 187531
List the prime factors of 836430.
2, 3, 5, 7, 569
List the prime factors of 356745.
3, 5, 17, 1399
List the prime factors of 14195375.
5, 19, 43, 139
What are the prime factors of 179454?
2, 3, 11, 2719
What are the prime factors of 283087?
7, 37, 1093
What are the prime factors of 17470?
2, 5, 1747
List the prime factors of 1531607.
7, 11, 19891
List the prime factors of 18983897.
18983897
List the prime factors of 14628700.
2, 5, 241, 607
What are the prime factors of 1612156?
2, 7, 13, 43, 103
What are the prime factors of 83507?
113, 739
List the prime factors of 135890.
2, 5, 107, 127
What are the prime factors of 6170141?
23, 268267
List the prime factors of 4593741.
3, 191, 8017
What are the prime factors of 11277391?
11277391
List the prime factors of 126883.
31, 4093
What are the prime factors of 184702?
2, 7, 79, 167
List the prime factors of 1050937.
53, 79, 251
List the prime factors of 1546402.
2, 11, 13, 5407
What are the prime factors of 2393875?
5, 11, 1741
List the prime factors of 61117.
7, 8731
What are the prime factors of 21632229?
3, 2403581
List the prime factors of 19928828.
2, 17, 293071
List the prime factors of 3360493.
31, 43, 2521
List the prime factors of 18381538.
2, 7, 1312967
List the prime factors of 1810783.
13, 139291
What are the prime factors of 3556099?
23, 154613
What are the prime factors of 10641753?
3, 29, 13591
What are the prime factors of 305138?
2, 29, 5261
What are the prime factors of 7188226?
2, 3594113
List the prime factors of 7818012.
2, 3, 191, 379
What are the prime factors of 199524?
2, 3, 13, 1279
List the prime factors of 705420.
2, 3, 5, 3919
What are the prime factors of 373134?
2, 3, 62189
List the prime factors of 475113.
3, 158371
List the prime factors of 190426.
2, 95213
What are the prime factors of 218995?
5, 7, 6257
List the prime factors of 7499280.
2, 3, 5, 31247
List the prime factors of 3985.
5, 797
List the prime factors of 275332.
2, 17, 4049
List the prime factors of 2737122.
2, 3, 43, 103
List the prime factors of 94728.
2, 3, 3947
List the prime factors of 99053.
99053
List the prime factors of 28476135.
3, 5, 31, 137, 149
What are the prime factors of 514703?
7, 73529
List the prime factors of 1005532.
2, 11, 22853
What are the prime factors of 148396?
2, 23, 1613
What are the prime factors of 9608583?
3, 151, 21211
What are the prime factors of 2352783?
3, 17, 46133
List the prime factors of 455769.
3, 89, 569
What are the prime factors of 250542?
2, 3, 31, 449
List the prime factors of 5310.
2, 3, 5, 59
What are the prime factors of 554122?
2, 461, 601
List the prime factors of 27066.
2, 3, 13, 347
What are the prime factors of 1448980?
2, 5, 13, 5573
What are the prime factors of 9498964?
2, 499, 4759
What are the prime factors of 2138911?
1049, 2039
What are the prime factors of 7385879?
67, 110237
What are the prime factors of 403728?
2, 3, 13, 647
What are the prime factors of 3402733?
3402733
List the prime factors of 3269868.
2, 3, 7, 67, 83
List the prime factors of 1024655.
5, 204931
List the prime factors of 55485.
3, 5, 137
List the prime factors of 12102.
2, 3, 2017
What are the prime factors of 1292224?
2, 61, 331
What are the prime factors of 516699?
3, 6379
List the prime factors of 219635.
5, 13, 31, 109
List the prime factors of 1118660.
2, 5, 55933
What are the prime factors of 508496?
2, 61, 521
What are the prime factors of 297714?
2, 3, 29, 59
What are the prime factors of 2397938?
2, 43, 27883
What are the prime factors of 13392344?
2, 7, 379, 631
List the prime factors of 10795593.
3, 673, 5347
List the prime factors of 313497.
3, 17, 683
List the prime factors of 2434469.
1297, 1877
List the prime factors of 203269.
11, 17, 1087
List the prime factors of 3468729.
3, 11, 257, 409
What are the prime factors of 10787152?
2, 43, 15679
What are the prime factors of 19781?
131, 151
List the prime factors of 1137161.
1137161
List the prime factors of 871553.
871553
What are the prime factors of 9210838?
2, 7, 13, 17, 229
List the prime factors of 4483093.
4483093
What are the prime factors of 188422?
2, 13, 7247
List the prime factors of 544933.
313, 1741
What are the prime factors of 89265?
3, 5, 11, 541
List the prime factors of 7128078.
2, 3, 19, 31, 2017
List the prime factors of 1056544.
2, 137, 241
What are the prime factors of 13930799?
13930799
List the prime factors of 2184942.
2, 3, 17, 31, 691
List the prime factors of 88854.
2, 3, 59, 251
List the prime factors of 29529306.
2, 3, 17, 19, 1693
List the prime factors of 2443.
7, 349
What are the prime factors of 1668235?
5, 333647
List the prime factors of 110851.
13, 8527
What are the prime factors of 11413274?
2, 5706637
List the prime factors of 1366859.
13, 105143
What are the prime factors of 162620?
2, 5, 47, 173
List the prime factors of 5802068.
2, 19, 76343
What are the prime factors of 114829?
11, 13, 73
List the prime factors of 101698.
2, 50849
List the prime factors of 29851582.
2, 67, 222773
What are the prime factors of 4251354?
2, 3, 708559
What are the prime factors of 3358367?
17, 197551
List the prime factors of 1358001.
3, 150889
What are the prime factors of 138664?
2, 17333
List the prime factors of 87008.
2, 2719
List the prime factors of 353657.
353657
What are the prime factors of 12193151?
23, 530137
List the prime factors of 1181184